 -4*d = -99*p + 95*p + 133112. What is the thousands digit of p?
3
What is the ten thousands digit of -1062*((-24 - -4) + 5)?
1
Let r(o) = 37*o**2 + 33*o + 11. Let s be r(7). Let x = s - 1441. What is the tens digit of x?
1
Suppose 2*l + 2*i + i = 7093, -53060 = -15*l + 5*i. What is the tens digit of l?
3
Let z be (-18)/6 - (3 - -10). What is the units digit of z/(-10)*(-13100)/(-40)?
4
Let v = -30552 + 49085. What is the thousands digit of v?
8
Let u = 3774 - 3714. What is the units digit of u?
0
Let t = -342 + 554. What is the tens digit of t?
1
Let w(p) = 3358*p**2 - 22*p + 36. What is the hundreds digit of w(2)?
4
Let n(v) = 4*v**2 + 6*v - 6. Let r = -8 + 15. Suppose 2*q = -17 + r. What is the tens digit of n(q)?
6
Let s = -3350 + 6329. What is the thousands digit of s?
2
Suppose -2361 = -u - 2*u. Suppose 44*j - 5 = 43*j. Suppose u = 4*r - 3*n, 0 = j*r - 2*n - 1067 + 78. What is the units digit of r?
9
Let o(m) be the second derivative of 0 - 33*m + 171/2*m**2 - 1/6*m**3 + 1/12*m**4. What is the units digit of o(0)?
1
Let h = 828 + 13215. What is the units digit of h?
3
Let p(c) = 13*c**2 - 12*c - 40. Let d be p(-4). Let u = d + -193. What is the units digit of u?
3
Suppose 2*g = -5*t - g + 4136, -4*t = -4*g - 3264. What is the tens digit of t?
2
Suppose -3*a + 70 = 2*a. Let o = a - -1. Suppose -5*b + 5*n = -135, o = -5*n + 2*n. What is the tens digit of b?
2
Suppose 9*y + 1829 = 7787. Let g = -471 + y. What is the tens digit of g?
9
Let v = 43970 - 25944. What is the ten thousands digit of v?
1
Let v(x) = 4300*x**2 - 69*x - 71. What is the units digit of v(-1)?
8
Let y = 2775 + 646. What is the tens digit of y?
2
Let x = 5326 + -706. What is the thousands digit of x?
4
Let d be (-3)/(-8) - 708/96. Suppose -2*c = -q + 42, q - 3*q = -5*c - 80. Let g = d + q. What is the tens digit of g?
4
Suppose 60*j - 15*j - 1535967 = -6*j. What is the ten thousands digit of j?
3
Suppose 119 = -5*m - 31. Let g be m/(-50) - (-107)/5. Suppose 0 = 3*r - 11 - g. What is the units digit of r?
1
Let v(c) be the second derivative of -c**3/6 + 11*c**2/2 + 13*c + 1. What is the tens digit of v(-8)?
1
Suppose -2*n - 4*k = -1558, -3*n + 3*k = -2601 + 246. What is the units digit of n/5 - ((-120)/(-25))/(-12)?
7
Let o be 1710/(-6)*2/(-6). Suppose -o*q + 96*q - 25 = 0. What is the units digit of q?
5
Suppose 0 = -m + 14688 - 10149. What is the units digit of m?
9
What is the units digit of 1 + 2 + ((-15028)/(-17) - 9)?
8
Let z = -1228 - -1671. What is the hundreds digit of z?
4
Let w = 554 + 562. Suppose 4 = 4*n, 0 = -32*g + 28*g - 4*n + w. What is the tens digit of g?
7
What is the tens digit of -2 - -6 - (-2 - 38/6*5757)?
6
Suppose 2*m + 4*d - 9006 = 0, 0 = -87*m + 88*m + 6*d - 4503. What is the hundreds digit of m?
5
Let g = -22296 - -22701. What is the units digit of g?
5
Suppose 0 = -7705*i + 7599*i + 5693048. What is the hundreds digit of i?
7
Let x = 20828 - 8904. What is the ten thousands digit of x?
1
What is the thousands digit of (-66)/(-27) - 2 - (1349868/(-54) + -1)?
4
Suppose 8*h - 2*h - 28344 = -2*h. What is the hundreds digit of h?
5
Suppose -8*n = -17*n. Suppose 0 = t - n*t - 2. Suppose x - 156 = -t*z, -x - 16 = -4*z - 160. What is the tens digit of x?
5
What is the tens digit of -16 + (6 - 2) + 41186 + 14?
8
Let a(z) = -75 - 55 + 71*z - 17*z + 108. What is the hundreds digit of a(9)?
4
Let d = 137457 - 90269. What is the ten thousands digit of d?
4
What is the units digit of (-40)/10 - ((0 - 2/(-1)) + -632)?
6
Suppose 9*k + 3*b + 10437 = 12*k, 4*b + 28 = 0. What is the thousands digit of k?
3
Let o(u) = -4778*u - 609. What is the thousands digit of o(-8)?
7
Suppose -m + c - 6 = -2, -5*m + 3*c = 12. Suppose 6*t - 4*t - 1232 = m. Suppose -3*o - 236 = -2*l, 2*l = 7*l - o - t. What is the units digit of l?
4
Suppose 23685 + 31758 = 3*k - 14322. What is the thousands digit of k?
3
Suppose 2*u = 3*u + 2*w - 10432, -10438 = -u + 4*w. Suppose u = 129*d - 123*d. What is the thousands digit of d?
1
Suppose -33*a - 8*a + 2326926 = 10*a. What is the tens digit of a?
2
Let v be (705/10)/(9/78). Suppose 3*w = 682 + v. What is the tens digit of w?
3
Let w be 2/8*(2 + (-2 - 4)). What is the hundreds digit of (3 + w)/((-14)/(-6307))?
9
Suppose 333*l - 269860 = 71*l. What is the thousands digit of l?
1
Let x be 5/((-15)/19994) - 48/(-72). What is the hundreds digit of (-3)/(-2)*x/(-42)?
2
Suppose o + 4*x = 22, 4*o - 124 = -3*x + 5*x. Suppose -o*l + 2 = -32*l. What is the tens digit of (-238)/(-2 + 1 + l)?
1
Suppose 0 = 45*j - 3286 - 1124. Suppose 3*i = v + 104, -2*i + 2*v + 109 = i. Let w = j - i. What is the units digit of w?
5
Let l be 3 - (20/5 + -3). Let o be 3/((-33)/l) - 805/(-253). Let i = 34 + o. What is the tens digit of i?
3
Let x be 4 + 2 + ((-12)/(-4) - 4). Suppose -x*c = -4*p - 40, 3*c - 31 = -c + 3*p. Suppose 11*w - c*w - 350 = 0. What is the tens digit of w?
5
Suppose -67*r + 2041930 = 46*r - 791771. What is the ten thousands digit of r?
2
Suppose -28441 + 3690 = -4*a + 47657. What is the tens digit of a?
0
Suppose 21 = 227*m - 224*m. What is the tens digit of 1/(-3)*(0 + m - 1612)?
3
Let y = 7000 + -1835. What is the units digit of y?
5
Let w = 1842 - -418. Suppose -37*h + 32*h = -w. What is the tens digit of h?
5
What is the hundreds digit of ((-3684538)/3964)/(0 - (-2)/(-28))?
0
Let l(i) = -4*i**2 - 3*i + 6. Let h be l(2). Let a(t) = 2*t**2 - 19*t - 18. What is the hundreds digit of a(h)?
7
Let z(s) = 10497*s**2 + 6*s + 18. What is the thousands digit of z(-1)?
0
Suppose 1042728 = 934*q - 911*q. What is the tens digit of q?
3
Suppose -3*f = -2*p + 12801, -p + 3*f + 6244 = -158. What is the tens digit of p?
9
Let d = 95 - 91. Suppose 2*y = -d*s + 236, -s + 5*y - y = -77. What is the units digit of s?
1
Suppose -b + r = -2*b + 3, 0 = 2*b - 5*r + 1. Suppose -19*i - b*i + 2688 = 0. What is the tens digit of i?
2
Let b(u) = 11*u**3 + 9*u + 1. Let v be b(7). Let k = -2513 + v. Suppose 260 = -14*n + k. What is the units digit of n?
6
Suppose 0 = -3*f + 2*r + 101221, -68*f - 101214 = -71*f + 3*r. What is the thousands digit of f?
3
Let f(a) = -3*a - 7. Let t be f(0). Let g be (t/((-105)/(-10)))/((-1)/3). Suppose 4*p + 100 = g*b, -93 - 104 = -4*b + 5*p. What is the tens digit of b?
4
Suppose 145*p + 103*p + 39*p - 3364214 = 0. What is the units digit of p?
2
Let r be (-5234)/(-5) - (-7)/35. Suppose -30*b - r = -31*b. What is the units digit of b?
7
What is the thousands digit of 3761/((-2)/12*(-68)/102)?
3
Let l be 28/6 - 34/51. Let v be (2/(-1))/((-2)/l). Suppose v*g = 3*o - 272, -32 + 383 = 4*o - 3*g. What is the units digit of o?
4
Let m be (-1 + 5)*63/(-12). Let f = 229 + -176. Let v = f + m. What is the units digit of v?
2
Let y(z) = 1 - 2 + 70*z**2 + 0 - z - 7*z**2. Let r be y(-1). Suppose -58*j + r*j - 485 = 0. What is the tens digit of j?
9
What is the hundreds digit of 467286/285 - (-2)/5?
6
Let h be -94 + 18 - (1 - -4). Let d = -104 - h. Let y = -21 - d. What is the units digit of y?
2
Suppose -42*q = -16287 - 64563. What is the tens digit of q?
2
Let y(k) = -k**3 + 72*k**2 + 601*k + 184. What is the tens digit of y(78)?
5
Suppose -13*c - 4*h - 22 = -14*c, -3*h = 4*c - 31. Suppose -5*a + 15*v = c*v - 7045, a + 3*v - 1417 = 0. What is the tens digit of a?
1
Let t(d) = -d**2 + 4*d - 2. Let m be t(1). What is the hundreds digit of (-1 - 3)*(-104 + m) + 2?
4
Let w = 43998 - 27004. What is the hundreds digit of w?
9
Let o = -5470 - -9617. What is the thousands digit of o?
4
Suppose 23*c - 11336 = -55542. Let z = -1318 - c. What is the hundreds digit of z?
6
Let t be (-3)/(9/3) + 195. Suppose 168*o + 45 = 183*o. Suppose o*h - v - t = 0, -h + 3*v - 314 = -6*h. What is the units digit of h?
4
Suppose 6*z = -2*h + 5*z + 4, -z + 8 = 3*h. Suppose w - 666 = -3*n + 4*w, -h = w. What is the units digit of n?
8
Let f = -656 + 659. Suppose 2*a = -f*n + 4*a + 3280, -4378 = -4*n - 2*a. What is the hundreds digit of n?
0
What is the units digit of (-62)/217 - ((-1)/((-21)/(-82368)) + 1)?
1
Let s = 161 + -90. Let u = s - 48. Suppose -159 + u = -2*q. What is the units digit of q?
8
Let j(c) = -263*c**3 - 2*c**2. Let y(l) = -528*l**3 - 6*l**2 + 1. Let m(t) = -5*j(t) + 2*y(t). What is the tens digit of m(1)?
5
What is the units digit of -1*((-72)/(-12) - 14*85)?
4
Le